Give v(3).
1
Let i(g) = -g**3 + 5*g**2 + 6*g - 8. Suppose -v + 17 = 3*r + 2, 4*r = 4*v + 36. Determine i(r).
-8
Let n(o) = -o**2 + 7*o - 4. Let t(l) = l**2 - 7*l + 4. Let r(f) = -2*n(f) - 3*t(f). Let h be ((-57)/6)/((-1)/(-2)). Let g = 24 + h. Determine r(g).
6
Let j(g) = -g**3 + g**2 - g + 6. Let t = 22 - 22. Give j(t).
6
Let c = 11 + -10. Suppose -5*a + 24 = -c. Let z(y) = y**3 - 6*y**2 + 5*y - 2. Let t(b) = b**3 - 6*b**2 + 5*b - 3. Let j(f) = -5*t(f) + 6*z(f). What is j(a)?
3
Let w(m) be the third derivative of -m**6/120 - m**5/10 + m**4/12 + 3*m**3/2 + 6*m**2. Determine w(-6).
-3
Let l(o) be the first derivative of -4 + o - 1/2*o**2. Determine l(2).
-1
Suppose -3 - 5 = -4*h. Let q(y) = -1 + 0 - h + y + 6. Determine q(-5).
-2
Let j(h) = -h**3 - 4*h**2 - 2*h. Let g be (0 - (-4 + 0))*6/(-8). Give j(g).
-3
Let g be (-4)/(-6)*75/10. Suppose -g*z = -z - 20. Let a(u) = -2*u + 4. Give a(z).
-6
Let x(y) be the first derivative of 1/2*y**2 - 4*y + 3. Calculate x(4).
0
Suppose 0 = -8*l + 5*l - 2*i - 18, -4*l + 5*i = 24. Let t(w) be the first derivative of -w**3/3 - 3*w**2 - 2*w - 1. Calculate t(l).
-2
Let v be 9 + -6 + 8/2. Let l(s) = s - 7. Calculate l(v).
0
Let k(j) = -3*j**2 - 10*j + 3*j + 4*j**2 - 8 + 13. Give k(7).
5
Let m(o) = o - 1. Let a(r) = -13*r + 5. Let j(b) = a(b) + 4*m(b). What is j(-1)?
10
Let a(m) = 2*m**2 + 2*m - 1. Let j(o) = 10*o**2 + 11*o - 6. Let l(d) = -11*a(d) + 2*j(d). What is l(-2)?
-9
Let p(m) be the second derivative of -m**4/12 + m**3/2 - 3*m**2/2 - m. Calculate p(2).
-1
Let j = 8 + -7. Let i(q) be the second derivative of q**3/2 + q**2/2 + 2*q. Determine i(j).
4
Let o(q) be the third derivative of q**4/24 + 2*q**3 + 2*q**2. Let s be o(-10). Let a(z) = 4*z + z**2 - 4*z. Give a(s).
4
Suppose 0*n - 2*y + 98 = 3*n, -4*y = -16. Let m be (4/12)/(2/n). Let x(d) = d**2 - 9 + 3*d - 5*d + m. Calculate x(4).
4
Let t(b) = -b + 1. Let r be 1/(3/(-3)) + 10. Suppose 3*s + 60 = 3*p, -2*p - 15 - r = 2*s. Let n = s + 22. Calculate t(n).
-5
Let c(p) be the third derivative of 0*p**3 + 1/60*p**5 + 0*p + 2*p**2 - 1/120*p**6 + 0 + 1/24*p**4. Determine c(2).
-2
Let c(j) = j**3 - 2*j**2 - 2*j - 2. Let r(t) = 5 - 2 - 5*t + 2*t**2 - t**2. Let a be r(5). Give c(a).
1
Let x be 2/16 - 343/56. Let g(l) = -8*l - l**2 - 3 - l**3 - 6*l**2 - 2. Determine g(x).
7
Let q(y) = y**2. Let w(n) = n**3 - 2*n - 2. Let o be w(-2). Let g be 9/o - (-9)/6. Give q(g).
0
Let k be 2 + 1 - (-1 + 0). Let z(v) be the third derivative of -v**5/120 + v**4/12 - v**3/3 + 5*v**2. Let w(u) be the first derivative of z(u). Calculate w(k).
-2
Let r(y) = y + 3. Let p be 8*(-1 + (-2)/(-4)). Let h be r(p). Let m be (1 + h - -5)*-1. Let o(b) = -b**3 - 5*b**2 - b + 3. What is o(m)?
8
Let v(l) = 2*l + 1. Let d = -5 + 13. Let m be 9/(-6)*d/6. What is v(m)?
-3
Let a be (5 - 87/15)*-10. Let p(i) = -i**3 + 8*i**2 + 2*i - 10. Determine p(a).
6
Let f(o) be the third derivative of o**5/60 - 7*o**4/24 + 3*o**3/2 - 9*o**2. What is f(6)?
3
Let u(c) = -3 - 1 + 4*c + 5 + 0*c. Calculate u(-1).
-3
Let x = -11 + 13. Let i(t) = 26 - 15 + x - t. Determine i(6).
7
Suppose 3*u - 4*n - n = 6, n - 6 = 3*u. Let t(m) be the second derivative of m**4/12 + m**3/6 - m**2/2 - m. What is t(u)?
5
Suppose 2*f - 4 + 0 = 0. Suppose 5*b - 6 = f*b. Let m(i) = -3*i. Let p(r) = 2*r. Let l(o) = -2*m(o) - 2*p(o). Calculate l(b).
4
Let w(g) be the first derivative of g**2/2 + 13*g - 1. Let q = -5 + 5. Suppose k - 3*a + 26 = 2*a, q = 5*a - 20. What is w(k)?
7
Let a(c) = c + 8. Let y(k) = -k**3 - 3*k**2 + k + 3. Let m(v) = 3*v + 9. Let t be m(-4). Let o be y(t). What is a(o)?
8
Let p(t) = -2*t - 9. Let c be p(-7). Let r(n) be the third derivative of n**4/24 - n**3 + 11*n**2. Calculate r(c).
-1
Let f(s) = -s**2 + 7*s - 6. Let k be (13 - 1 - -1)*1. Suppose -3*w + 4*d - 3 = -19, -2*w + 5*d + k = 0. What is f(w)?
6
Let y(i) = i**2 - 5*i - 5. Let s = -8 + 14. Let v be y(s). Let m(w) = 11*w**3 - w**2 + 1. What is m(v)?
11
Let c(q) be the third derivative of -q**4/24 + q**3 + 22*q**2. Calculate c(7).
-1
Suppose 4*z - 2*z - 4 = 0. Let b(j) = -j. Let w(l) = 12*l. Let i(s) = -6*s - 3. Let k be i(-5). Let x(m) = k*b(m) + z*w(m). Give x(-1).
3
Let c(k) = -k**3 - 14*k**2 + 14*k - 22. Let j be c(-15). Let p(m) = m**3 + 8*m**2 + 7*m. What is p(j)?
0
Let b(j) = -4 + j**2 + 23*j - 13*j - 9*j. Suppose -f = 2*f. Suppose f = -y - 4. Determine b(y).
8
Let r(j) = 2*j - 2*j - j. Suppose 0 = -2*g + 5*o + 23, 2*g = -0*g - 4*o - 22. Let q be 2/g - -3 - 4. Calculate r(q).
3
Let j be (-189)/(-84) - (-1 - -2)/4. Let s(k) = 8*k - 1. Give s(j).
15
Let a(h) = -22*h - 7*h**2 + 36*h - h**3 - 13*h + 3 + 6. Determine a(-7).
2
Let k(r) be the first derivative of -r**3/3 + 2*r**2 + 3*r - 3. Determine k(4).
3
Let k be (20/(-5))/((-4)/6). Let b(d) = d**2 - 6*d - 1. Calculate b(k).
-1
Let p(n) = -4 + 2*n**2 - 2*n**2 - n**2 + 2*n**2 + 6*n. Determine p(-8).
12
Let g(s) be the second derivative of -s**3 - 7/12*s**4 - 2*s**2 + 0 - 1/20*s**5 + s. Suppose -3*q + 2*t = t + 23, -2*q + 3 = 3*t. Give g(q).
-4
Let a(x) = 15*x - 5 - 14*x - 1. Determine a(7).
1
Let h = -14 - -9. Let r = -5 - -2. Let k be (-2)/6 - h/r. Let p(a) = -a**2 + 2*a + 3. Determine p(k).
-5
Let o(n) = n**3 - 7*n**2 + 8*n - 9. Let x be o(6). Let s(a) = 7 + 3*a**x + a**3 - 4*a - 3*a**2 - 5*a**3 - 3*a**2. Give s(-5).
2
Let m(y) be the third derivative of -2*y**2 - 1/3*y**4 - 1/15*y**5 + 7/6*y**3 + 0 + 0*y + 1/120*y**6. Let i(u) = u**2 + 7*u + 5. Let x be i(-7). Give m(x).
-8
Let v(y) be the first derivative of y**7/840 + y**6/120 + y**5/120 - 2*y**3 + 1. Let s(c) be the third derivative of v(c). Give s(-3).
-3
Suppose v = -3*v + 3*m - 17, 0 = 4*v - 2*m + 14. Let w(d) = -d**2 - d - 1. Let c(z) = -4*z**2 - 5*z - 5. Let o(s) = -c(s) + 3*w(s). What is o(v)?
2
Let q(b) = -3*b - 8. Let d(v) = -v - 4. Let f = 12 - 17. Let w(t) = f*d(t) + 2*q(t). Calculate w(-3).
7
Let f(w) = 8*w - 2 - 3 + 7 - 3. Calculate f(-2).
-17
Let f = 37 - 27. Let b be (-2)/(-2 - 16/(-7)). Let c = f + b. Let d(v) = v**2 - 3*v + 3. Determine d(c).
3
Let j(o) = -o**3 + 2*o**2 + 4*o + 4. Suppose -6*i + 3*i = -12. Determine j(i).
-12
Let u(f) = -4*f**3 - 6*f**2 - f - 8. Let g(h) = -9*h**3 - 12*h**2 - 3*h - 16. Let m(d) = -3*g(d) + 7*u(d). Determine m(-6).
-20
Suppose 3*k + 13 = -2*n, 0*k - 4*k = 3*n + 18. Let r(s) = -3*s**2 - 3*s. Let c be r(n). Let y(f) = 2*f + 8. Determine y(c).
-4
Let q(f) = -4*f + 4 - 13*f + 2 + 15*f. What is q(6)?
-6
Let t(c) = 14*c - 20. Suppose 3*w = -3*s + 3, 3*w - s = 4 + 11. Let j(y) = 5*y - 7. Let p(a) = w*t(a) - 11*j(a). Determine p(6).
3
Let b(k) = -2*k**2 + 191*k - 193*k - 1 - 8*k**2 - k**2. Determine b(-1).
-10
Let g(l) be the second derivative of 2*l + 0*l**3 + 0*l**2 + 0 - 3/4*l**4. Give g(-1).
-9
Let b(c) = c + 3*c**3 - 1 + 3*c**2 - 3*c**2 + 2*c**2 - 2*c**3. Calculate b(-3).
-13
Let k be (-32)/6*(-12)/(-8). Let z(q) = q**2 + 6*q - 8. Determine z(k).
8
Let d(j) be the first derivative of j**4/4 - j**2/2 + 19*j + 17. What is d(0)?
19
Let w(n) be the first derivative of -5*n**2/2 - 3*n + 2. Suppose 2*f = -2*f - 2*x + 16, 4*x = 16. Suppose 0 = -3*d - 4*a - 18, 2*a - f + 0 = 4*d. What is w(d)?
7
Let j(w) = w**3 - 2*w + 1. Let s(q) = -q + 6. Let k be s(3). Let z be 2*(k/2 - -1). Suppose -z*l = -7 - 3. Give j(l).
5
Let m = 29 - 34. Let f(d) = -d**3 - 6*d**2 - 5*d - 6. Give f(m).
-6
Let f(h) = -2*h**3 - 2*h**2 + 2*h + 1. Let j be f(-2). Let m(y) = -y + 2. What is m(j)?
-3
Let y(r) = r**2 + r + 4. Let g(f) = -f**2 - f - 4. Let t(x) = -3*g(x) - 2*y(x). Let u be 0 + 14/4*-2. Let m = 7 + u. What is t(m)?
4
Let l(d) = 3*d + 1. Let o(v) = -13*v - 4. Let f(w) = 9*l(w) + 2*o(w). Determine f(-6).
-5
Let q(l) be the third derivative of 0 + l**2 - 5/24*l**4 - 1/60*l**5 + 0*l - 1/2*l**3. Calculate q(-2).
3
Let q(c) = 3*c**2 + 3*c - 2. Let k(n) = -n**2 - n + 1. Let o(g) = -7*k(g) - 2*q(g). Determine o(-3).
3
Suppose 2*l = v + 2, 4*v - 2*l = 3*l - 2. Let c(s) be the second derivative of 1/6*s**3 - 1/6*s**4 - 1/20*s**5 + 3*s + 0 - s**v. What is c(-3)?
4
Let a = 8 - 7. Let i(j) = -2*j + j**3 + 3 - 3*j**2 - a + 2*j**2 - 4. Give i(-2).
-10
Let d(o) = -o**3 + o**2 + o + 3. Let t be d(0). Suppose t*m - 4*m - i = -9, -4*m + 3*i = -1. Let l(k) = -k**2 + 5*k - 1. Calculate l(m).
3
Let c(w) = -w - 1. Let b = 11 + -6. Suppose 5*l = b*f + 125